+ -10. Let y be (-3)/(-2)*(-8)/g. Let r(i) = -i**3 - i**2 - i + 2. Give r(y).
8
Let i(k) = k**3 - 4*k**2 - 6*k. Suppose -y + 24 = 1. Suppose -6*c - 3*l + 13 = -4*c, -y = -5*c + 2*l. Determine i(c).
-5
Suppose -2*i - 195 = -191. Let u(w) = w**2. Let l(h) = -6*h**2 + h + 1. Let k(x) = l(x) + 5*u(x). What is k(i)?
-5
Let u(b) = -12*b + 3. Let h(k) = -4*k + 1. Let a(p) = 8*h(p) - 3*u(p). Calculate a(1).
3
Let q(c) = -6*c**3 + 9*c**3 - 24*c**2 - 7*c**3 + 25*c**2 - c. Let a be (-44)/(-10) - 4/10. Let p = a + -3. Calculate q(p).
-4
Let v(i) = 11*i**3 + 2*i - 2. Let m(b) = 5*b**3 + b. Let j(c) = -9*m(c) + 4*v(c). What is j(0)?
-8
Let q(g) = -3 - 8 + 2*g + 7*g + 1 - g**2. Determine q(8).
-2
Let x(a) be the third derivative of -a**5/60 + a**4/12 + 2*a**3/3 - a**2. Let t = 4 + -1. Determine x(t).
1
Let v be (-3)/9*0 + 0. Let g(c) = -c + v*c + 5*c - 2 - 3*c. Give g(3).
1
Let s(r) = -r - 1. Let c = 14 - 22. Let u(t) be the third derivative of -t**4/24 - 4*t**3/3 + 2*t**2. Let f be u(c). Give s(f).
-1
Let z(q) = -q**2 - 8*q - 7. Let r(d) = d**2 + d - 3. Let l(m) = m**2 + 2*m - 4. Let b(s) = -3*l(s) + 2*r(s). Let a be b(-6). What is z(a)?
5
Let g(j) = j**3 + 3*j**2 - 5*j + 1. Let r = -1 + 3. Suppose -r*n - 3 = 5. Give g(n).
5
Suppose 0 = 4*b - 1 - 3. Let u(s) = 5*s**2 - s**2 - s**3 - 5*s**2 - 3 + 4. Let r be u(b). Let p(k) = 7*k**3 + k**2 + k + 1. Determine p(r).
-6
Let f(i) = 312 + 2*i - 156 - 154. Let j = 9 + -14. Determine f(j).
-8
Suppose 3*k + 2 = 14. Let u(r) = r + 1. Determine u(k).
5
Let m(j) = -j**2 - 2*j + 2. Let k be m(-2). Let c(u) = u**k + 4 + 0*u**2 + 0*u**2 - 2*u**2. Suppose -5*g = -4*l + 10, 2*l - 2*g = 2*g + 8. Determine c(l).
4
Let c(p) = p**2 - 5*p + 7. Let b(a) = 2*a - 7. Let q be b(6). Give c(q).
7
Let x be 1*((-6)/(-3) - -1). Let a(n) = -3 + 0 - 4 + x*n + n**2. Give a(-5).
3
Suppose -3*w - 15 = 0, 3*w + 15 = -z + w. Let k(b) be the first derivative of -b**3/3 - b**2 + 7*b + 10. What is k(z)?
-8
Suppose 4*q + 141 = 2*i + q, -2*i + 4*q + 144 = 0. Let g be i/(-10) - (-9)/15. Let u be 10/4 + 3/g. Let p(f) = -2*f + 2. Give p(u).
-2
Suppose -10 = 2*d - 0. Let l = d - -4. Let g(y) = 7*y**2 - 2*y - 1. What is g(l)?
8
Let p(q) = q**3 + 4*q**2 - q. Let i be p(-4). Suppose 30 = i*b - b. Let d be (-35)/14*(-16)/b. Let t(o) = -2*o + 1. Calculate t(d).
-7
Let c be 5/(-2 - (-21)/9). Let m(u) = 6*u - 7*u**2 - 2*u**2 + 1 - 5*u**2 + c*u**2. Determine m(-5).
-4
Suppose 2*h = 4*h - 4. Let q(r) = 0*r**2 - r**h - 3*r**2 + 5*r**2 + r. Give q(0).
0
Let g(m) = m**3 - m**2 - 6*m + 10. Let r be g(2). Let z(y) be the first derivative of y**2/2 - y - 1. Determine z(r).
1
Let u(l) be the second derivative of l**4/12 - 2*l**2 + 16*l. Give u(-3).
5
Let j(o) = o**3 + 1. Let b be j(0). Suppose 2*q - 3 = -b. Let p(g) = 6*g**2 - 2*g + 1. Give p(q).
5
Let n(j) = -3*j + 9. Let a be n(4). Let m(h) = 5*h**2 - 10*h + 2. Let o(s) = -9*s**2 + 19*s - 3. Let u(g) = -11*m(g) - 6*o(g). Calculate u(a).
-1
Let g(b) = -b - 4. Suppose m = 2*m. Suppose -2*a + m = -2, z = a - 4. Give g(z).
-1
Let g(b) = -b - 6. Let l be g(-9). Suppose -l*s + 20 = 2*s. Let q = s + -8. Let u(a) = -a**2 - 3*a + 4. What is u(q)?
0
Let t(w) = -6 - w**3 + 0*w**3 - w**2 + 11 + w. Let g = 0 - -1. Let d be (1 - g)/(-2*1). What is t(d)?
5
Let r(u) = -u**3 + u - 3*u**2 + 66 - 65 + 2*u**2. Let v(z) be the first derivative of -z**3/3 - 3*z**2 - 5*z - 3. Let d be v(-5). Determine r(d).
1
Let u be 3/5 - 22/(-55). Let x(g) = 2*g - g + 2 - 3 - u. Give x(-2).
-4
Let m(z) be the second derivative of z**6/720 + z**5/120 - z**4/6 + 5*z. Let f(n) be the third derivative of m(n). Calculate f(-3).
-2
Suppose -2*u + 2*c = -30, 4*u + u + 2*c - 47 = 0. Let v = 8 - u. Let j(y) = -4*y - 1. Determine j(v).
11
Let r(n) = 2*n + 23. Let p(j) = -4 - j - 1 - 8 + 1. Let q(y) = -5*p(y) - 3*r(y). Calculate q(-4).
-5
Let d(n) = 2*n - 17 + 3*n + 21 + n**2. Determine d(-5).
4
Let x be (-2)/4 - (-13)/2. Let c(o) = 3*o**3 + 7*o**2 - 2*o - 1. Let k(u) = -2*u**3 - 3*u**2 + u + 1. Let m(z) = -3*c(z) - 5*k(z). What is m(x)?
4
Let k(r) be the third derivative of r**6/120 - 5*r**4/24 + r**3/3 - 2*r**2. Suppose -13*h - 3 = -42. Calculate k(h).
14
Let k(z) = -29*z**3 + z**2 - z - 13. Let u(l) = -7*l**3 - 3. Let q(a) = 2*k(a) - 9*u(a). Calculate q(1).
6
Let a(s) = -s - 5. Let k(b) be the second derivative of -b**3/6 - 5*b**2/2 + 3*b. Let v(f) = -3*a(f) + 4*k(f). Determine v(0).
-5
Let z(l) = l**2 + 2*l - 7. Suppose -2*w - 4 = 0, 0 = -5*r + 4*w - 3*w - 23. What is z(r)?
8
Let c(r) = -6 + 3 - 1 + 0*r + 2*r. Calculate c(6).
8
Let k(y) = y**3 + 2*y**2 - 4*y - 3. Let x be k(-3). Let f(a) be the second derivative of a**4/12 - a**3/6 + 3*a**2/2 - 3*a. Determine f(x).
3
Let p(b) = 0 - b - 5 - 3*b**2 + 3*b - b**3. Suppose 23 = -5*k + 3. Give p(k).
3
Let f(x) = -x**3 + 8*x**2 + 9*x - 4. Let c be 9/6*(-5 + 11). Calculate f(c).
-4
Let d be (-2)/(-2)*(2 + 2). Let k(u) be the first derivative of -u**4/4 + 4*u**3/3 + u**2 + 3. What is k(d)?
8
Let x be 10/(-3) - (-14)/(-21). Let k be -4 - (3 - 6 - x). Let l(m) = 2*m - 1. Let h(i) = 2*i. Let y(j) = 6*h(j) - 5*l(j). Determine y(k).
-5
Let f(r) be the second derivative of -r**4/12 + r**3/6 - 15*r**2/2 + 7*r. What is f(0)?
-15
Let o be 1*15/3*-1. Let q(m) = 2*m + 7. Calculate q(o).
-3
Let f(m) be the third derivative of m**5/30 - m**4/24 + 3*m**2. Suppose 2 = -33*v + 34*v. What is f(v)?
6
Suppose 0 = 2*f - 0 + 4. Let o(i) = 2*i - 6 + 18 - 14. Determine o(f).
-6
Let i(z) = 2*z - 1 - 7*z + 6 + 4*z. Give i(-4).
9
Let h(c) = -3*c - 20*c**2 + 15*c**2 - c**3 - 4 + 10*c**2. Give h(4).
0
Let y(j) be the second derivative of -j**5/20 - j**4/12 + j**3/6 - j**2 - j. Let w = 1 - -3. Suppose -3*q + 10 = -2*l, -w*l - 2*q - 2 = q. Determine y(l).
0
Let k(i) = -6*i + 12*i + 1 - 4*i. Determine k(1).
3
Let y(t) = -t**3 + 7*t**2 - 7 + 13*t + 0*t**3 - 14*t + 3. Determine y(7).
-11
Suppose 5 = -5*m - 0. Let z(u) = 1. Let t(b) = 6*b + 6. Let i(a) = -t(a) + 6*z(a). What is i(m)?
6
Let q(f) = -f**2 - 2*f - 1. Let x(a) = -6*a + 7*a - 2*a**2 + 3*a**3 + 0*a**3. Let p be x(1). Calculate q(p).
-9
Suppose -13*b + 10*b - 9 = 0. Let g = 10 - 5. Let f(w) = -1 + g + 3*w + 0*w. Calculate f(b).
-5
Let s(z) = -4*z - 6. Let g(r) = 2*r + 3. Let b(o) = 5*g(o) + 2*s(o). Determine b(4).
11
Let h be (-5)/(-2)*(-4)/(-10). Suppose -10 = 3*r - h. Let q(b) = 3*b + 9. Let x(c) = -2*c - 5. Let o(v) = 3*q(v) + 5*x(v). Determine o(r).
5
Let z(u) be the third derivative of u**4/6 + 3*u**2. Let f be (4 - 2) + (3 - 2). Let v = 1 - f. Give z(v).
-8
Let d(y) = -6*y**2 + 4*y - 20. Let k(f) = f**2 - 11*f - 9. Let i be k(12). Let x(p) = -2*p**2 + p - 7. Let o(j) = i*d(j) - 8*x(j). Calculate o(3).
-10
Let i(x) be the first derivative of -1/2*x**2 + 5*x - 3. What is i(0)?
5
Let o(s) = -s**2 + s**2 + 4*s**2. Let t = -9 - -11. Suppose p = -2*a + 5, t*p + 3*a - a - 6 = 0. Calculate o(p).
4
Let i be (-1)/1 - 1 - 0. Let m(k) = -4*k - 3 - k + 6. Let s(r) = -r + 1. Let v(j) = m(j) - 2*s(j). Give v(i).
7
Let y(c) = -4*c**2 - 8*c - 5. Let k(q) = 5*q**2 + 9*q + 5. Let v(x) = -3*k(x) - 4*y(x). Let i = 1 + -6. Determine v(i).
5
Let c(a) = 2 + 7 - 3 + a - 4. Give c(0).
2
Let t(n) = -3*n + 8. Suppose -16 = 4*l - 40. What is t(l)?
-10
Let c(n) = -2*n**3 + n**2 - 7*n + 6. Let q(r) = -r**2 - 7*r - 6. Let k be q(-5). Let j(s) = s**3 + 3*s - 3. Let o(i) = k*c(i) + 9*j(i). Give o(-3).
9
Suppose 91 = 2*d + d + 5*o, 0 = -5*d + 3*o + 95. Let p(c) = 5*c**3 + 17 - 3*c**3 - c**2 - c**3 + d*c - 21*c. Give p(0).
17
Let n(o) = -84*o - 24. Let r(g) = -17*g - 5. Suppose 3*t + 18 = 2*f - t, 4*f - 24 = 2*t. Let b(k) = f*n(k) - 24*r(k). What is b(-1)?
12
Let k be (-2)/3 - (-11)/3. Let v(a) be the second derivative of -a**5/20 + a**4/4 - a**3/3 + a**2/2 + 7*a. What is v(k)?
-5
Suppose -8*s - 20 = -12*s. Let l(j) = j + 1. Determine l(s).
6
Let i(m) = -m**3 + 10*m**2 + m - 2. Let c(l) = 4*l**3 - 31*l**2 - 4*l + 6. Let o(t) = 2*c(t) + 7*i(t). Give o(-8).
6
Let n(p) = -p**3 - 4*p**2 + 3. Let g = 5 - 0. Let d(v) = -4*v. Let b be d(-2). Suppose 4 = -3*w + g*t - b, -5*t = 0. Give n(w).
3
Let s(i) be the second derivative of -i**5/20 - i**4/3 - i**3/2 - i**2/2 + 3*i. Give s(-3).
-1
Let v(b) = b**3 + 6*b**2 - b - 2. Suppose -4*w = 3*o + 14, 2*o + 3*w = -0*o - 9. Determine v(o).
4
Let n(l) = l - 1. Suppose -14*y = -27 - 43. 